{"id":1637,"date":"2022-03-21T16:36:52","date_gmt":"2022-03-21T16:36:52","guid":{"rendered":"http:\/\/pferdesport-euskirchen.de\/?page_id=1637"},"modified":"2026-03-25T14:44:04","modified_gmt":"2026-03-25T14:44:04","slug":"termine-2022","status":"publish","type":"page","link":"http:\/\/pferdesport-euskirchen.de\/?page_id=1637","title":{"rendered":"Termine 2026"},"content":{"rendered":"\n<p><strong>Kreismeisterschaften<\/strong><\/p>\n\n\n\n<figure class=\"wp-block-table\"><table class=\"has-fixed-layout\"><tbody><tr><td><strong>Veranstalter<\/strong><br>\ufeff<\/td><td><strong>Veranstaltung<\/strong><\/td><td><strong>Termin<\/strong><\/td><td><strong>Art<\/strong><\/td><\/tr><tr><td>RFV Metternich e. V.<\/td><td>Nachwuchs-Kreismeisterschaft<\/td><td>25. &#8211; 26.04.2026<\/td><td>Turnier<\/td><\/tr><tr><td>FV St. Medardus Z\u00fclpich e. V.<\/td><td>Kreismeisterschaft Fahren<\/td><td>18. &#8211; 19.07.2026<\/td><td>Turnier<\/td><\/tr><tr><td>RG Domhof e. V.<\/td><td>Kreismeisterschaft Allround<\/td><td>06.09.2026<\/td><td>Turnier<\/td><\/tr><tr><td>RV Enzen-Euskirchen e. V. <\/td><td>Kreismeisterschaft Dressur &amp; Springen (Finalpr\u00fcfungen)<\/td><td>12. &#8211; 13.09.2026<\/td><td>Turnier<\/td><\/tr><tr><td>IPN Roderath e. V. <\/td><td>Kreismeisterschaft Islandpferd<\/td><td>12. &#8211; 13.09.2026<\/td><td>Turnier<\/td><\/tr><\/tbody><\/table><\/figure>\n\n\n\n<p><strong>Weitere Termine aus den Vereinen und Betrieben<\/strong><\/p>\n\n\n\n<p>Hinweis: Die \u00dcbersicht wird im Fr\u00fchjahr des jeweiligen Jahres mit den bis dahin bekannten Terminen gef\u00fcllt. Die Vereine und Betriebe werden gebeten ihre Termine f\u00fcr das laufende Jahr selbstst\u00e4ndig an den KV zu melden, damit auch eine unterj\u00e4hrige Anpassung erfolgen kann.<\/p>\n\n\n\n<p>Interessierte k\u00f6nnen sich \u00fcber Veranstaltungen auch auf den Internetseiten und Social-Media Pr\u00e4senzen der Vereine und Betriebe informieren.<\/p>\n\n\n\n<figure class=\"wp-block-table\"><table><tbody><tr><td> <strong>Veranstalter<\/strong><br><\/td><td> <strong>Veranstaltung<\/strong> <\/td><td> <strong>Termin<\/strong> <\/td><td> <strong>Art<\/strong>  <\/td><\/tr><tr><td><\/td><td><\/td><td><\/td><td><\/td><\/tr><tr><td><\/td><td><\/td><td><\/td><td><\/td><\/tr><tr><td><\/td><td><\/td><td><\/td><td><\/td><\/tr><tr><td><\/td><td><\/td><td><\/td><td><\/td><\/tr><tr><td><\/td><td><\/td><td><\/td><td><\/td><\/tr><tr><td><\/td><td><\/td><td><\/td><td><\/td><\/tr><tr><td><\/td><td><\/td><td><\/td><td><\/td><\/tr><tr><td><\/td><td><\/td><td><\/td><td><\/td><\/tr><tr><td><\/td><td><\/td><td><\/td><td><\/td><\/tr><tr><td><\/td><td><\/td><td><\/td><td><\/td><\/tr><tr><td><\/td><td><\/td><td><\/td><td><\/td><\/tr><tr><td><\/td><td><\/td><td><\/td><td><\/td><\/tr><tr><td><\/td><td><\/td><td><\/td><td><\/td><\/tr><tr><td><\/td><td><\/td><td><\/td><td><\/td><\/tr><tr><td><\/td><td><\/td><td><\/td><td><\/td><\/tr><tr><td><\/td><td><\/td><td><\/td><td><\/td><\/tr><tr><td><\/td><td><\/td><td><\/td><td><\/td><\/tr><tr><td><\/td><td><\/td><td><\/td><td><\/td><\/tr><tr><td><\/td><td><\/td><td><\/td><td><\/td><\/tr><tr><td><\/td><td><\/td><td><\/td><td><\/td><\/tr><tr><td><\/td><td><\/td><td><\/td><td><\/td><\/tr><tr><td><\/td><td><\/td><td><\/td><td><\/td><\/tr><tr><td><\/td><td><\/td><td><\/td><td><\/td><\/tr><tr><td><\/td><td><\/td><td><\/td><td><\/td><\/tr><tr><td><\/td><td><\/td><td><\/td><td><\/td><\/tr><tr><td><\/td><td><\/td><td><\/td><td><\/td><\/tr><tr><td><\/td><td><\/td><td><\/td><td><\/td><\/tr><tr><td><\/td><td><\/td><td><\/td><td><\/td><\/tr><tr><td><\/td><td><\/td><td><\/td><td><\/td><\/tr><tr><td><\/td><td><\/td><td><\/td><td><\/td><\/tr><tr><td><\/td><td><\/td><td><\/td><td><\/td><\/tr><tr><td><\/td><td><\/td><td><\/td><td><\/td><\/tr><tr><td><\/td><td><\/td><td><\/td><td><\/td><\/tr><tr><td><\/td><td><\/td><td><\/td><td><\/td><\/tr><tr><td><\/td><td><\/td><td><\/td><td><\/td><\/tr><tr><td><\/td><td><\/td><td><\/td><td><\/td><\/tr><tr><td><\/td><td><\/td><td><\/td><td><\/td><\/tr><tr><td><\/td><td><\/td><td><\/td><td><\/td><\/tr><tr><td><\/td><td><\/td><td><\/td><td><\/td><\/tr><tr><td><\/td><td><\/td><td><\/td><td><\/td><\/tr><tr><td><\/td><td><\/td><td><\/td><td><\/td><\/tr><tr><td><\/td><td><\/td><td><\/td><td><\/td><\/tr><tr><td><\/td><td><\/td><td><\/td><td><\/td><\/tr><tr><td><\/td><td><\/td><td><\/td><td><\/td><\/tr><tr><td><\/td><td><\/td><td><\/td><td><\/td><\/tr><tr><td><\/td><td><\/td><td><\/td><td><\/td><\/tr><tr><td><\/td><td><\/td><td><\/td><td><\/td><\/tr><tr><td><\/td><td><\/td><td><\/td><td><\/td><\/tr><tr><td><\/td><td><\/td><td><\/td><td><\/td><\/tr><tr><td><\/td><td><\/td><td><\/td><td><\/td><\/tr><tr><td><\/td><td><\/td><td><\/td><td><\/td><\/tr><tr><td><\/td><td><\/td><td><\/td><td><\/td><\/tr><tr><td><\/td><td><\/td><td><\/td><td><\/td><\/tr><tr><td><\/td><td><\/td><td><\/td><td><\/td><\/tr><tr><td><\/td><td><\/td><td><\/td><td><\/td><\/tr><\/tbody><\/table><\/figure>\n\n\n\n<p><\/p>\n","protected":false},"excerpt":{"rendered":"<p>Termine f\u00fcr 2025<\/p>\n","protected":false},"author":2,"featured_media":0,"parent":284,"menu_order":0,"comment_status":"closed","ping_status":"closed","template":"","meta":{"footnotes":""},"class_list":["post-1637","page","type-page","status-publish","hentry"],"_links":{"self":[{"href":"http:\/\/pferdesport-euskirchen.de\/index.php?rest_route=\/wp\/v2\/pages\/1637"}],"collection":[{"href":"http:\/\/pferdesport-euskirchen.de\/index.php?rest_route=\/wp\/v2\/pages"}],"about":[{"href":"http:\/\/pferdesport-euskirchen.de\/index.php?rest_route=\/wp\/v2\/types\/page"}],"author":[{"embeddable":true,"href":"http:\/\/pferdesport-euskirchen.de\/index.php?rest_route=\/wp\/v2\/users\/2"}],"replies":[{"embeddable":true,"href":"http:\/\/pferdesport-euskirchen.de\/index.php?rest_route=%2Fwp%2Fv2%2Fcomments&post=1637"}],"version-history":[{"count":32,"href":"http:\/\/pferdesport-euskirchen.de\/index.php?rest_route=\/wp\/v2\/pages\/1637\/revisions"}],"predecessor-version":[{"id":2114,"href":"http:\/\/pferdesport-euskirchen.de\/index.php?rest_route=\/wp\/v2\/pages\/1637\/revisions\/2114"}],"up":[{"embeddable":true,"href":"http:\/\/pferdesport-euskirchen.de\/index.php?rest_route=\/wp\/v2\/pages\/284"}],"wp:attachment":[{"href":"http:\/\/pferdesport-euskirchen.de\/index.php?rest_route=%2Fwp%2Fv2%2Fmedia&parent=1637"}],"curies":[{"name":"wp","href":"https:\/\/api.w.org\/{rel}","templated":true}]}}